{"id":177,"date":"2020-06-29T22:20:52","date_gmt":"2020-06-29T22:20:52","guid":{"rendered":"http:\/\/wise.inesctec.pt\/?page_id=177"},"modified":"2020-06-30T02:13:12","modified_gmt":"2020-06-30T02:13:12","slug":"media","status":"publish","type":"page","link":"https:\/\/wise.inesctec.pt\/?page_id=177","title":{"rendered":"Media"},"content":{"rendered":"<h4><strong>Appearances [PT]<br \/>\n<\/strong><\/h4>\n\n<table id=\"tablepress-3\" class=\"tablepress tablepress-id-3\">\n<thead>\n<tr class=\"row-1\">\n\t<th class=\"column-1\">Media<\/th><th class=\"column-2\">Date<\/th><th class=\"column-3\">Title<\/th>\n<\/tr>\n<\/thead>\n<tbody class=\"row-striping row-hover\">\n<tr class=\"row-2\">\n\t<td class=\"column-1\">Porto Canal (Jornal das 13)<\/td><td class=\"column-2\">11 August 2017<\/td><td class=\"column-3\"><a href=\"https:\/\/www.youtube.com\/watch?v=UEMtqqGaxN0\" target=\"_blank\" rel=\"noopener noreferrer\">INESC TEC: Drones podem facilitar comunica\u00e7\u00f5es em inc\u00eandios - Rui Campos<\/a><\/td>\n<\/tr>\n<tr class=\"row-3\">\n\t<td class=\"column-1\">Revista Alto Risco<\/td><td class=\"column-2\">September 2017<\/td><td class=\"column-3\"><a href=\"https:\/\/drive.inesctec.pt\/s\/dieRpaZBrzFja6R\" target=\"_blank\" rel=\"noopener noreferrer\">Drones que ajudam em cen\u00e1rios de emerg\u00eancia<\/a><\/td>\n<\/tr>\n<tr class=\"row-4\">\n\t<td class=\"column-1\">Porto Canal (Mentes que Brilham)<\/td><td class=\"column-2\">21 October 2017<\/td><td class=\"column-3\"><a href=\"https:\/\/www.youtube.com\/watch?v=AhUat3_ZQ9U\" target=\"_blank\" rel=\"noopener noreferrer\">INESC TEC: Drones podem facilitar comunica\u00e7\u00f5es - Rui Campos<\/a><\/td>\n<\/tr>\n<tr class=\"row-5\">\n\t<td class=\"column-1\">Jornal de Not\u00edcias Urbano<\/td><td class=\"column-2\">22 October 2017<\/td><td class=\"column-3\"><a href=\"https:\/\/drive.inesctec.pt\/s\/jen8YBNoyqodiMy\" target=\"_blank\" rel=\"noopener noreferrer\">Ajuda para fogos pode chegar de drone<\/a><\/td>\n<\/tr>\n<tr class=\"row-6\">\n\t<td class=\"column-1\">O Jornal Econ\u00f3mico (Mais TIC)<\/td><td class=\"column-2\">22 October 2017<\/td><td class=\"column-3\"><a href=\"https:\/\/drive.inesctec.pt\/s\/rcAtmtKcqH6Knej\" target=\"_blank\" rel=\"noopener noreferrer\">Academia quer contribuir para o combate a emerg\u00eancias<\/a><\/td>\n<\/tr>\n<\/tbody>\n<\/table>\n<!-- #tablepress-3 from cache -->\n<p>&nbsp;<\/p>\n<h4><strong>News [PT]<br \/>\n<\/strong><\/h4>\n\n<table id=\"tablepress-2\" class=\"tablepress tablepress-id-2\">\n<thead>\n<tr class=\"row-1\">\n\t<th class=\"column-1\">Media<\/th><th class=\"column-2\">Date<\/th><th class=\"column-3\">Title<\/th>\n<\/tr>\n<\/thead>\n<tbody class=\"row-striping row-hover\">\n<tr class=\"row-2\">\n\t<td class=\"column-1\">R\u00e1dio Renascen\u00e7a<\/td><td class=\"column-2\">19 May 2016<\/td><td class=\"column-3\"><a href=\"https:\/\/rr.sapo.pt\/noticia\/54603\/a-tecnologia-de-amanha-que-ja-esta-a-mudar-o-futuro\" target=\"_blank\">A tecnologia de amanh\u00e3 que j\u00e1 est\u00e1 a mudar o futuro<\/a><\/td>\n<\/tr>\n<tr class=\"row-3\">\n\t<td class=\"column-1\">Exame Inform\u00e1tica<\/td><td class=\"column-2\">26 July 2017<\/td><td class=\"column-3\"><a href=\"http:\/\/exameinformatica.sapo.pt\/noticias\/ciencia\/2017-07-26-Inesc-Tec-e-Tekever-criam-drone-que-reforca-comunicacoes-em-catastrofes\" target=\"_blank\">INESC TEC e Tekever criam drone que refor\u00e7a comunica\u00e7\u00f5es em cat\u00e1strofes<\/a><\/td>\n<\/tr>\n<tr class=\"row-4\">\n\t<td class=\"column-1\">Jornal i<\/td><td class=\"column-2\">26 July 2017<\/td><td class=\"column-3\"><a href=\"https:\/\/ionline.sapo.pt\/artigo\/573847\/o-drone-que-atua-em-cenarios-de-emerg-ncia\" target=\"_blank\">O drone que atua em cen\u00e1rios de emerg\u00eancia<\/a><\/td>\n<\/tr>\n<tr class=\"row-5\">\n\t<td class=\"column-1\">P\u00fablico<\/td><td class=\"column-2\">26 July 2017<\/td><td class=\"column-3\"><a href=\"https:\/\/www.publico.pt\/2017\/07\/26\/tecnologia\/noticia\/drones-podem-evitar-falhas-comunicacao-como-as-do-siresp-1780399\" target=\"_blank\">Drones podem evitar falhas comunica\u00e7\u00e3o como as do SIRESP<\/a><\/td>\n<\/tr>\n<tr class=\"row-6\">\n\t<td class=\"column-1\">Sapo Not\u00edcias<\/td><td class=\"column-2\">26 July 2017<\/td><td class=\"column-3\"><a href=\"http:\/\/noticias.sapo.cv\/tek\/artigo\/drones-podem-ser-a-solucao-para-as-falhas-do-siresp\/\" target=\"_blank\">Drones podem ser a solu\u00e7\u00e3o para as falhas do SIRESP<\/a><\/td>\n<\/tr>\n<tr class=\"row-7\">\n\t<td class=\"column-1\">Sapo Tek<\/td><td class=\"column-2\">26 July 2017<\/td><td class=\"column-3\"><a href=\"http:\/\/tek.sapo.pt\/noticias\/telecomunicacoes\/artigos\/drones-podem-ser-a-solucao-para-as-falhas-do-siresp\" target=\"_blank\">Drones podem ser a solu\u00e7\u00e3o para as falhas do SIRESP<\/a><\/td>\n<\/tr>\n<tr class=\"row-8\">\n\t<td class=\"column-1\">Observador<\/td><td class=\"column-2\">26 July 2017<\/td><td class=\"column-3\"><a href=\"http:\/\/observador.pt\/2017\/07\/26\/drones-podem-facilitar-comunicacoes-em-cenarios-de-emergencia\/\" target=\"_blank\">Drones podem facilitar comunica\u00e7\u00f5es em cen\u00e1rios de\u00a0emerg\u00eancia<\/a><\/td>\n<\/tr>\n<tr class=\"row-9\">\n\t<td class=\"column-1\">Torres Vedras Web<\/td><td class=\"column-2\">26 July 2017<\/td><td class=\"column-3\"><a href=\"https:\/\/torresvedrasweb.pt\/ha-um-drone-que-atua-em-cenarios-de-emergencia\" target=\"_blank\">H\u00e1 um drone que atua em cen\u00e1rios de emerg\u00eancia<\/a><\/td>\n<\/tr>\n<tr class=\"row-10\">\n\t<td class=\"column-1\">S\u00e1bado<\/td><td class=\"column-2\">26 July 2017<\/td><td class=\"column-3\"><a href=\"http:\/\/www.sabado.pt\/ultima-hora\/detalhe\/problemas-de-comunicacoes-nos-incendios-podem-ser-contornados-com-quotdronesquot\" target=\"_blank\">Problemas de comunica\u00e7\u00f5es nos inc\u00eandios podem ser contornados com drones<\/a><\/td>\n<\/tr>\n<tr class=\"row-11\">\n\t<td class=\"column-1\">Ver Portugal<\/td><td class=\"column-2\">26 July 2017<\/td><td class=\"column-3\"><a href=\"http:\/\/www.verportugal.net\/vp\/pt\/072017\/AmbienteEnergia\/8738\/INESC-TEC-e-Tekever-h\u00e1-um-drone-que-atua-em-cen\u00e1rios-de-emerg\u00eancia.htm\" target=\"_blank\">INESC TEC e Tekever: h\u00e1 um drone que atua em cen\u00e1rios de emerg\u00eancia<\/a><\/td>\n<\/tr>\n<tr class=\"row-12\">\n\t<td class=\"column-1\">Ardina<\/td><td class=\"column-2\">26 July 2017<\/td><td class=\"column-3\"><a href=\"https:\/\/ardina.news\/article\/2017_07_26_1098647001_drones-podem-ser-a-solucao-para-as-falhas-do-siresp\" target=\"_blank\">H\u00e1 um drone que pode resolver as falhas do SIRESP<\/a><\/td>\n<\/tr>\n<tr class=\"row-13\">\n\t<td class=\"column-1\">Dinheiro Vivo<\/td><td class=\"column-2\">26 July 2017<\/td><td class=\"column-3\"><a href=\"https:\/\/www.dinheirovivo.pt\/empresas\/wise-portugal-aposta-em-drones-que-funcionam-em-cenarios-de-emergencia\/\" target=\"_blank\">Portugal aposta em drones que funcionam em cen\u00e1rios de emerg\u00eancia<\/a><\/td>\n<\/tr>\n<tr class=\"row-14\">\n\t<td class=\"column-1\">Sol<\/td><td class=\"column-2\">26 July 2017<\/td><td class=\"column-3\"><a href=\"https:\/\/sol.sapo.pt\/artigo\/573846\/o-drone-que-atua-em-cenarios-de-emerg-ncia\" target=\"_blank\">O drone que atua em cen\u00e1rios de emerg\u00eancia<\/a><\/td>\n<\/tr>\n<tr class=\"row-15\">\n\t<td class=\"column-1\">Jornal de Neg\u00f3cios<\/td><td class=\"column-2\">26 July 2017<\/td><td class=\"column-3\"><a href=\"http:\/\/www.jornaldenegocios.pt\/empresas\/tecnologias\/detalhe\/problemas-de-comunicacoes-nos-incendios-podem-ser-contornados-com-drones\" target=\"_blank\">Problemas de comunica\u00e7\u00f5es nos inc\u00eandios podem ser contornados com \"drones\"<\/a><\/td>\n<\/tr>\n<tr class=\"row-16\">\n\t<td class=\"column-1\">Correio da Manh\u00e3<\/td><td class=\"column-2\">26 July 2017<\/td><td class=\"column-3\"><a href=\"http:\/\/www.cmjornal.pt\/sociedade\/detalhe\/nova-solucao-para-drones-permite-reforcar-comunicacoes-em-cenarios-de-emergencia\" target=\"_blank\">Nova solu\u00e7\u00e3o para drones permite refor\u00e7ar comunica\u00e7\u00f5es em cen\u00e1rios de emerg\u00eancia<\/a><\/td>\n<\/tr>\n<tr class=\"row-17\">\n\t<td class=\"column-1\">OJogo<\/td><td class=\"column-2\">26 July 2017<\/td><td class=\"column-3\"><a href=\"http:\/\/www.ojogo.pt\/extra\/lusa\/interior\/nova-solucao-para-drones-permite-reforcar-comunicacoes-em-cenarios-de-emergencia-8664691.html\" target=\"_blank\">Nova solu\u00e7\u00e3o para drones permite refor\u00e7ar comunica\u00e7\u00f5es em cen\u00e1rios de emerg\u00eancia<\/a><\/td>\n<\/tr>\n<tr class=\"row-18\">\n\t<td class=\"column-1\">TVI 24<\/td><td class=\"column-2\">26 July 2017<\/td><td class=\"column-3\"><a href=\"http:\/\/www.tvi24.iol.pt\/tecnologia\/ciencia\/drones-vao-permitir-reforcar-comunicacoes-em-cenarios-de-emergencia\" target=\"_blank\">Drones v\u00e3o permitir refor\u00e7ar comunica\u00e7\u00f5es em cen\u00e1rios de emerg\u00eancia<\/a><\/td>\n<\/tr>\n<tr class=\"row-19\">\n\t<td class=\"column-1\">eexponews<\/td><td class=\"column-2\">26 July 2017<\/td><td class=\"column-3\"><a href=\"http:\/\/eexponews.com\/inesc-tec-e-tekever-criam-drone-que-reforca-comunicacoes-em-catastrofes_5746869863448576\" target=\"_blank\">INESC TEC e Tekever criam drone que refor\u00e7a comunica\u00e7\u00f5es em cat\u00e1strofes<\/a><\/td>\n<\/tr>\n<tr class=\"row-20\">\n\t<td class=\"column-1\">AEIOU<\/td><td class=\"column-2\">26 July 2017<\/td><td class=\"column-3\"><a href=\"https:\/\/zap.aeiou.pt\/nova-solucao-drones-permite-reforcar-comunicacoes-cenarios-emergencia-168165\" target=\"_blank\">Nova solu\u00e7\u00e3o para drones permite refor\u00e7ar comunica\u00e7\u00f5es em cen\u00e1rios de emerg\u00eancia<\/a><\/td>\n<\/tr>\n<tr class=\"row-21\">\n\t<td class=\"column-1\">Green Savers<\/td><td class=\"column-2\">26 July 2017<\/td><td class=\"column-3\"><a href=\"https:\/\/greensavers.sapo.pt\/drones-para-comunicacoes-de-emergencia\/\" target=\"_blank\">Drones para comunica\u00e7\u00f5es de emerg\u00eancia<\/a><\/td>\n<\/tr>\n<tr class=\"row-22\">\n\t<td class=\"column-1\">PC Guia<\/td><td class=\"column-2\">26 July 2017<\/td><td class=\"column-3\"><a href=\"http:\/\/www.pcguia.pt\/2017\/07\/inesc-tec-tekever-desenvolvem-solucao-usa-drones-pontos-acesso-redes-sem-fios\/\" target=\"_blank\">INESC TEC e Tekever desenvolvem solu\u00e7\u00e3o que usa drones como pontos de acesso para redes sem fios<\/a><\/td>\n<\/tr>\n<tr class=\"row-23\">\n\t<td class=\"column-1\">Tribuna da Madeira<\/td><td class=\"column-2\">26 July 2017<\/td><td class=\"column-3\"><a href=\"http:\/\/www.tribunadamadeira.pt\/2017\/07\/26\/drones-para-reforcar-comunicacoes-sem-fios-em-cenarios-de-emergencia\/\" target=\"_blank\">Drones para refor\u00e7ar comunica\u00e7\u00f5es sem fios em cen\u00e1rios de emerg\u00eancia<\/a><\/td>\n<\/tr>\n<tr class=\"row-24\">\n\t<td class=\"column-1\">Di\u00e1rio de Not\u00edcias<\/td><td class=\"column-2\">26 July 2017<\/td><td class=\"column-3\"><a href=\"http:\/\/www.dn.pt\/lusa\/interior\/nova-solucao-para-drones-permite-reforcar-comunicacoes-em-cenarios-de-emergencia-8664688.html\" target=\"_blank\">Nova solu\u00e7\u00e3o para drones permite refor\u00e7ar comunica\u00e7\u00f5es em cen\u00e1rios de emerg\u00eancia<\/a><\/td>\n<\/tr>\n<tr class=\"row-25\">\n\t<td class=\"column-1\">Impala<\/td><td class=\"column-2\">26 July 2017<\/td><td class=\"column-3\"><a href=\"http:\/\/www.impala.pt\/noticias\/atualidade\/nova-solucao-para-drones-permite-reforcar-comunicacoes-em-cenarios-de-emergencia\/\" target=\"_blank\">Nova solu\u00e7\u00e3o para drones permite refor\u00e7ar comunica\u00e7\u00f5es em cen\u00e1rios de emerg\u00eancia<\/a><\/td>\n<\/tr>\n<tr class=\"row-26\">\n\t<td class=\"column-1\">O Jornal Econ\u00f3mico<\/td><td class=\"column-2\">26 July 2017<\/td><td class=\"column-3\"><a href=\"http:\/\/www.jornaleconomico.sapo.pt\/noticias\/ha-um-drone-que-pode-resolver-as-falhas-do-siresp-190999\" target=\"_blank\">H\u00e1 um drone que pode resolver as falhas do SIRESP<\/a><\/td>\n<\/tr>\n<tr class=\"row-27\">\n\t<td class=\"column-1\">Not\u00edcias ao Minuto<\/td><td class=\"column-2\">26 July 2017<\/td><td class=\"column-3\"><a href=\"https:\/\/www.noticiasaominuto.com\/tech\/838035\/drones-estarao-mais-bem-preparados-para-cenarios-de-emergencia\" target=\"_blank\">Drones estar\u00e3o mais bem preparados para cen\u00e1rios de emerg\u00eancia<\/a><\/td>\n<\/tr>\n<tr class=\"row-28\">\n\t<td class=\"column-1\">Pontos de Vista<\/td><td class=\"column-2\">26 July 2017<\/td><td class=\"column-3\"><a href=\"http:\/\/pontosdevista.pt\/2017\/07\/26\/ha-um-drone-atua-cenarios-emergencia\/\" target=\"_blank\">H\u00e1 um drone que atua em cen\u00e1rios de emerg\u00eancia<\/a><\/td>\n<\/tr>\n<tr class=\"row-29\">\n\t<td class=\"column-1\">PT Jornal<\/td><td class=\"column-2\">26 July 2017<\/td><td class=\"column-3\"><a href=\"http:\/\/ptjornal.com\/ha-um-drone-atua-cenario-incendios-185086\" target=\"_blank\">H\u00e1 um drone que atua em cen\u00e1rio de inc\u00eandios<\/a><\/td>\n<\/tr>\n<tr class=\"row-30\">\n\t<td class=\"column-1\">R\u00e1dio Comercial<\/td><td class=\"column-2\">26 July 2017<\/td><td class=\"column-3\"><a href=\"http:\/\/www.pt.cision.com\/cp2013\/ClippingDetails.aspx?id=4966ad30-a757-418d-83b5-16ed67ac5176&amp;analises=1\" target=\"_blank\">Drones podem vir a ser uma solu\u00e7\u00e3o para refor\u00e7ar as comunica\u00e7\u00f5es em casos de emerg\u00eancia<\/a><\/td>\n<\/tr>\n<tr class=\"row-31\">\n\t<td class=\"column-1\">A\u00e7oriano Oriental<\/td><td class=\"column-2\">27 July 2017<\/td><td class=\"column-3\"><a href=\"http:\/\/www.pt.cision.com\/cp2013\/ClippingDetails.aspx?id=ba144a1b-51fc-4478-904b-5127e84af6d3&amp;analises=1&amp;cp=1&amp;analises=1\" target=\"_blank\">Drones refor\u00e7am comunica\u00e7\u00f5es em cen\u00e1rios de emerg\u00eancia<\/a><\/td>\n<\/tr>\n<tr class=\"row-32\">\n\t<td class=\"column-1\">Boas Not\u00edcias<\/td><td class=\"column-2\">27 July 2017<\/td><td class=\"column-3\"><a href=\"http:\/\/boasnoticias.pt\/drone-construido-atuar-casos-emergencia\/\" target=\"_blank\">O drone constru\u00eddo para atuar em casos de emerg\u00eancia<\/a><\/td>\n<\/tr>\n<tr class=\"row-33\">\n\t<td class=\"column-1\">i9 Magazine<\/td><td class=\"column-2\">27 July 2017<\/td><td class=\"column-3\"><a href=\"http:\/\/portal.i9magazine.pt\/drone-construido-atuar-casos-emergencia\/\" target=\"_blank\">O drone constru\u00eddo para atuar em casos de emerg\u00eancia<\/a><\/td>\n<\/tr>\n<tr class=\"row-34\">\n\t<td class=\"column-1\">Jornal de Not\u00edcias<\/td><td class=\"column-2\">27 July 2017<\/td><td class=\"column-3\"><a href=\"http:\/\/www.pt.cision.com\/cp2013\/ClippingDetails.aspx?id=e5950939-7272-4297-a15c-ef75399d6154&amp;analises=1&amp;cp=1&amp;analises=1\" target=\"_blank\">Drones podem refor\u00e7ar comunica\u00e7\u00f5es em cen\u00e1rios de emerg\u00eancia<\/a><\/td>\n<\/tr>\n<tr class=\"row-35\">\n\t<td class=\"column-1\">Viva!Porto<\/td><td class=\"column-2\">27 July 2017<\/td><td class=\"column-3\"><a href=\"https:\/\/viva-porto.pt\/nova-solucao-para-drones-permite-reforcar-comunicacoes-em-cenarios-de-emergencia\/\" target=\"_blank\">Nova solu\u00e7\u00e3o para drones permite refor\u00e7ar comunica\u00e7\u00f5es em cen\u00e1rios de emerg\u00eancia<\/a><\/td>\n<\/tr>\n<tr class=\"row-36\">\n\t<td class=\"column-1\">Wintech<\/td><td class=\"column-2\">27 July 2017<\/td><td class=\"column-3\"><a href=\"http:\/\/wintech.pt\/w-news\/23920-projeto-do-inesc-tec-desenvolve-drone-que-atua-em-cenarios-de-incendios-e-cheias\" target=\"_blank\">Projeto do INESC TEC desenvolve drone que atua em cen\u00e1rios de inc\u00eandios e cheias<\/a><\/td>\n<\/tr>\n<\/tbody>\n<\/table>\n<!-- #tablepress-2 from cache -->\n<p>&nbsp;<\/p>\n","protected":false},"excerpt":{"rendered":"<p>Appearances [PT] &nbsp; News [PT] &nbsp;<\/p>\n","protected":false},"author":3,"featured_media":0,"parent":0,"menu_order":0,"comment_status":"closed","ping_status":"closed","template":"template-fullwidth.php","meta":{"footnotes":"","_links_to":"","_links_to_target":""},"class_list":["post-177","page","type-page","status-publish","hentry"],"_links":{"self":[{"href":"https:\/\/wise.inesctec.pt\/index.php?rest_route=\/wp\/v2\/pages\/177","targetHints":{"allow":["GET"]}}],"collection":[{"href":"https:\/\/wise.inesctec.pt\/index.php?rest_route=\/wp\/v2\/pages"}],"about":[{"href":"https:\/\/wise.inesctec.pt\/index.php?rest_route=\/wp\/v2\/types\/page"}],"author":[{"embeddable":true,"href":"https:\/\/wise.inesctec.pt\/index.php?rest_route=\/wp\/v2\/users\/3"}],"replies":[{"embeddable":true,"href":"https:\/\/wise.inesctec.pt\/index.php?rest_route=%2Fwp%2Fv2%2Fcomments&post=177"}],"version-history":[{"count":6,"href":"https:\/\/wise.inesctec.pt\/index.php?rest_route=\/wp\/v2\/pages\/177\/revisions"}],"predecessor-version":[{"id":222,"href":"https:\/\/wise.inesctec.pt\/index.php?rest_route=\/wp\/v2\/pages\/177\/revisions\/222"}],"wp:attachment":[{"href":"https:\/\/wise.inesctec.pt\/index.php?rest_route=%2Fwp%2Fv2%2Fmedia&parent=177"}],"curies":[{"name":"wp","href":"https:\/\/api.w.org\/{rel}","templated":true}]}}